{"id":589,"date":"2026-03-25T11:16:46","date_gmt":"2026-03-25T10:16:46","guid":{"rendered":"https:\/\/amare-mediation.fr\/?page_id=589"},"modified":"2026-03-30T16:09:39","modified_gmt":"2026-03-30T14:09:39","slug":"linjonction-de-rencontrer-un-mediateur-par-le-juge-aux-affaires-familiales","status":"publish","type":"page","link":"https:\/\/amare-mediation.fr\/index.php\/linjonction-de-rencontrer-un-mediateur-par-le-juge-aux-affaires-familiales\/","title":{"rendered":"L\u2019INJONCTION DE RENCONTRER UN M\u00c9DIATEUR par le Juge aux Affaires Familiales"},"content":{"rendered":"\n<div class=\"wp-block-columns alignwide has-medium-font-size is-layout-flex wp-container-core-columns-is-layout-28f84493 wp-block-columns-is-layout-flex\">\n<div class=\"wp-block-column is-layout-flow wp-block-column-is-layout-flow\" style=\"flex-basis:100%\">\n<p><em><strong>Les parents divorc\u00e9s ou s\u00e9par\u00e9s, qui se trouvent confront\u00e9s \u00e0 une r\u00e9vision du mode de garde des enfants, et toutes modifications intervenant dans l\u2019\u00e9ducation des enfants, doivent tenter une m\u00e9diation avant toute proc\u00e9dure aupr\u00e8s du Juge aux Affaires Familiales .<\/strong><\/em> L\u2019injonction de rencontrer un m\u00e9diateur familial est ainsi prononc\u00e9e et les personnes ont alors un mois maximum pour contacter un m\u00e9diateur. Le process r\u00e9pond \u00e0 un cadre pr\u00e9cis, et des d\u00e9lais stricts jusqu\u2019\u00e0 l\u2019audience fix\u00e9e 4 mois apr\u00e8s la date de l\u2019ordonnance. Le non-respect par les personnes et par le m\u00e9diateur des d\u00e9lais peut entrainer la radiation du dossier au role.<\/p>\n<\/div>\n<\/div>\n\n\n\n<ul class=\"wp-block-list\">\n<li style=\"font-size:clamp(0.875rem, 0.875rem + ((1vw - 0.2rem) * 0.708), 1.3rem);\">Une proc\u00e9dure du JAF sp\u00e9cifique pour encourager le dialogue et une solution co-construite entre parents s\u00e9par\u00e9s<\/li>\n\n\n\n<li style=\"font-size:clamp(0.875rem, 0.875rem + ((1vw - 0.2rem) * 0.708), 1.3rem);\">Un process reconnu, avec accords homologu\u00e9s<\/li>\n\n\n\n<li style=\"font-size:clamp(0.875rem, 0.875rem + ((1vw - 0.2rem) * 0.708), 1.3rem);\">Un traitement prioritaire r\u00e9serv\u00e9 aux dossiers avec accord suite \u00e0 une m\u00e9diation<\/li>\n<\/ul>\n\n\n\n<figure class=\"wp-block-gallery alignfull has-nested-images columns-default is-cropped wp-block-gallery-1 is-layout-flex wp-block-gallery-is-layout-flex\">\n<figure class=\"wp-block-image size-large\"><img fetchpriority=\"high\" decoding=\"async\" width=\"1024\" height=\"503\" data-id=\"590\" src=\"https:\/\/amare-mediation.fr\/wp-content\/uploads\/2026\/03\/SCHEMA-MF-JAF-2025-3-1024x503-1.png\" alt=\"\" class=\"wp-image-590\" srcset=\"https:\/\/amare-mediation.fr\/wp-content\/uploads\/2026\/03\/SCHEMA-MF-JAF-2025-3-1024x503-1.png 1024w, https:\/\/amare-mediation.fr\/wp-content\/uploads\/2026\/03\/SCHEMA-MF-JAF-2025-3-1024x503-1-300x147.png 300w, https:\/\/amare-mediation.fr\/wp-content\/uploads\/2026\/03\/SCHEMA-MF-JAF-2025-3-1024x503-1-768x377.png 768w\" sizes=\"(max-width: 1024px) 100vw, 1024px\" \/><\/figure>\n\n\n\n<figure class=\"wp-block-image size-large\"><img decoding=\"async\" width=\"1024\" height=\"499\" data-id=\"591\" src=\"https:\/\/amare-mediation.fr\/wp-content\/uploads\/2026\/03\/Capture-decran-2026-03-25-111453-1024x499.jpg\" alt=\"\" class=\"wp-image-591\" srcset=\"https:\/\/amare-mediation.fr\/wp-content\/uploads\/2026\/03\/Capture-decran-2026-03-25-111453-1024x499.jpg 1024w, https:\/\/amare-mediation.fr\/wp-content\/uploads\/2026\/03\/Capture-decran-2026-03-25-111453-300x146.jpg 300w, https:\/\/amare-mediation.fr\/wp-content\/uploads\/2026\/03\/Capture-decran-2026-03-25-111453-768x374.jpg 768w, https:\/\/amare-mediation.fr\/wp-content\/uploads\/2026\/03\/Capture-decran-2026-03-25-111453.jpg 1115w\" sizes=\"(max-width: 1024px) 100vw, 1024px\" \/><\/figure>\n<\/figure>\n\n\n\n<p><\/p>\n","protected":false},"excerpt":{"rendered":"<p>Les parents divorc\u00e9s ou s\u00e9par\u00e9s, qui se trouvent confront\u00e9s \u00e0 une r\u00e9vision du mode de garde des enfants, et toutes modifications intervenant dans l\u2019\u00e9ducation des enfants, doivent tenter une m\u00e9diation avant toute proc\u00e9dure aupr\u00e8s du Juge aux Affaires Familiales . L\u2019injonction de rencontrer un m\u00e9diateur familial est ainsi prononc\u00e9e et les personnes ont alors un mois maximum pour contacter un m\u00e9diateur. Le process r\u00e9pond \u00e0 un cadre pr\u00e9cis, et des d\u00e9lais stricts jusqu\u2019\u00e0 l\u2019audience fix\u00e9e 4 mois apr\u00e8s la date de l\u2019ordonnance. Le non-respect par les personnes et par le m\u00e9diateur des d\u00e9lais peut entrainer la radiation du dossier au role.<\/p>\n","protected":false},"author":1,"featured_media":0,"parent":0,"menu_order":0,"comment_status":"closed","ping_status":"closed","template":"","meta":{"_uag_custom_page_level_css":"","footnotes":""},"class_list":["post-589","page","type-page","status-publish","hentry"],"uagb_featured_image_src":{"full":false,"thumbnail":false,"medium":false,"medium_large":false,"large":false,"1536x1536":false,"2048x2048":false},"uagb_author_info":{"display_name":"AMARE","author_link":"https:\/\/amare-mediation.fr\/index.php\/author\/amare\/"},"uagb_comment_info":0,"uagb_excerpt":"Les parents divorc\u00e9s ou s\u00e9par\u00e9s, qui se trouvent confront\u00e9s \u00e0 une r\u00e9vision du mode de garde des enfants, et toutes modifications intervenant dans l\u2019\u00e9ducation des enfants, doivent tenter une m\u00e9diation avant toute proc\u00e9dure aupr\u00e8s du Juge aux Affaires Familiales . L\u2019injonction de rencontrer un m\u00e9diateur familial est ainsi prononc\u00e9e et les personnes ont alors un&hellip;","_links":{"self":[{"href":"https:\/\/amare-mediation.fr\/index.php\/wp-json\/wp\/v2\/pages\/589","targetHints":{"allow":["GET"]}}],"collection":[{"href":"https:\/\/amare-mediation.fr\/index.php\/wp-json\/wp\/v2\/pages"}],"about":[{"href":"https:\/\/amare-mediation.fr\/index.php\/wp-json\/wp\/v2\/types\/page"}],"author":[{"embeddable":true,"href":"https:\/\/amare-mediation.fr\/index.php\/wp-json\/wp\/v2\/users\/1"}],"replies":[{"embeddable":true,"href":"https:\/\/amare-mediation.fr\/index.php\/wp-json\/wp\/v2\/comments?post=589"}],"version-history":[{"count":3,"href":"https:\/\/amare-mediation.fr\/index.php\/wp-json\/wp\/v2\/pages\/589\/revisions"}],"predecessor-version":[{"id":597,"href":"https:\/\/amare-mediation.fr\/index.php\/wp-json\/wp\/v2\/pages\/589\/revisions\/597"}],"wp:attachment":[{"href":"https:\/\/amare-mediation.fr\/index.php\/wp-json\/wp\/v2\/media?parent=589"}],"curies":[{"name":"wp","href":"https:\/\/api.w.org\/{rel}","templated":true}]}}

L’INJONCTION DE RENCONTRER UN MÉDIATEUR par le Juge aux Affaires Familiales

<div class="wp-block-columns alignwide has-medium-font-size is-layout-flex wp-container-core-columns-is-layout-28f84493 wp-block-columns-is-layout-flex">
<div class="wp-block-column is-layout-flow wp-block-column-is-layout-flow" style="flex-basis:100%">
<p><em><strong>Les parents divorcés ou séparés, qui se trouvent confrontés à une révision du mode de garde des enfants, et toutes modifications intervenant dans l’éducation des enfants, doivent tenter une médiation avant toute procédure auprès du Juge aux Affaires Familiales .</strong></em> L’injonction de rencontrer un médiateur familial est ainsi prononcée et les personnes ont alors un mois maximum pour contacter un médiateur. Le process répond à un cadre précis, et des délais stricts jusqu’à l’audience fixée 4 mois après la date de l’ordonnance. Le non-respect par les personnes et par le médiateur des délais peut entrainer la radiation du dossier au role.</p>
</div>
</div>



<ul class="wp-block-list">
<li style="font-size:clamp(0.875rem, 0.875rem + ((1vw - 0.2rem) * 0.708), 1.3rem);">Une procédure du JAF spécifique pour encourager le dialogue et une solution co-construite entre parents séparés</li>



<li style="font-size:clamp(0.875rem, 0.875rem + ((1vw - 0.2rem) * 0.708), 1.3rem);">Un process reconnu, avec accords homologués</li>



<li style="font-size:clamp(0.875rem, 0.875rem + ((1vw - 0.2rem) * 0.708), 1.3rem);">Un traitement prioritaire réservé aux dossiers avec accord suite à une médiation</li>
</ul>



<figure class="wp-block-gallery alignfull has-nested-images columns-default is-cropped wp-block-gallery-1 is-layout-flex wp-block-gallery-is-layout-flex">
<figure class="wp-block-image size-large"><img fetchpriority="high" decoding="async" width="1024" height="503" data-id="590" src="https://amare-mediation.fr/wp-content/uploads/2026/03/SCHEMA-MF-JAF-2025-3-1024x503-1.png" alt="" class="wp-image-590" srcset="https://amare-mediation.fr/wp-content/uploads/2026/03/SCHEMA-MF-JAF-2025-3-1024x503-1.png 1024w, https://amare-mediation.fr/wp-content/uploads/2026/03/SCHEMA-MF-JAF-2025-3-1024x503-1-300x147.png 300w, https://amare-mediation.fr/wp-content/uploads/2026/03/SCHEMA-MF-JAF-2025-3-1024x503-1-768x377.png 768w" sizes="(max-width: 1024px) 100vw, 1024px" /></figure>



<figure class="wp-block-image size-large"><img decoding="async" width="1024" height="499" data-id="591" src="https://amare-mediation.fr/wp-content/uploads/2026/03/Capture-decran-2026-03-25-111453-1024x499.jpg" alt="" class="wp-image-591" srcset="https://amare-mediation.fr/wp-content/uploads/2026/03/Capture-decran-2026-03-25-111453-1024x499.jpg 1024w, https://amare-mediation.fr/wp-content/uploads/2026/03/Capture-decran-2026-03-25-111453-300x146.jpg 300w, https://amare-mediation.fr/wp-content/uploads/2026/03/Capture-decran-2026-03-25-111453-768x374.jpg 768w, https://amare-mediation.fr/wp-content/uploads/2026/03/Capture-decran-2026-03-25-111453.jpg 1115w" sizes="(max-width: 1024px) 100vw, 1024px" /></figure>
</figure>



<p></p>

<p>Les parents divorcés ou séparés, qui se trouvent confrontés à une révision du mode de garde des enfants, et toutes modifications intervenant dans l’éducation des enfants, doivent tenter une médiation avant toute procédure auprès du Juge aux Affaires Familiales . L’injonction de rencontrer un médiateur familial est ainsi prononcée et les personnes ont alors un mois maximum pour contacter un médiateur. Le process répond à un cadre précis, et des délais stricts jusqu’à l’audience fixée 4 mois après la date de l’ordonnance. Le non-respect par les personnes et par le médiateur des délais peut entrainer la radiation du dossier au role.</p>

Les parents divorcés ou séparés, qui se trouvent confrontés à une révision du mode de garde des enfants, et toutes modifications intervenant dans l’éducation des enfants, doivent tenter une médiation avant toute procédure auprès du Juge aux Affaires Familiales . L’injonction de rencontrer un médiateur familial est ainsi prononcée et les personnes ont alors un&hellip;
