{"id":584,"date":"2026-03-25T11:07:11","date_gmt":"2026-03-25T10:07:11","guid":{"rendered":"https:\/\/amare-mediation.fr\/?page_id=584"},"modified":"2026-03-31T14:51:03","modified_gmt":"2026-03-31T12:51:03","slug":"la-mediation-judiciaire","status":"publish","type":"page","link":"https:\/\/amare-mediation.fr\/index.php\/la-mediation-judiciaire\/","title":{"rendered":"LA M\u00c9DIATION JUDICIAIRE"},"content":{"rendered":"\n<details class=\"wp-block-details is-layout-flow wp-block-details-is-layout-flow\"><summary>FOCUS : D\u00e9cret du 18 juillet 2025<\/summary>\n<ul class=\"wp-block-list\">\n<li>La m\u00e9diation est d\u00e9sormais d\u00e9finie (Art 1530 du CPC version 18\/07\/2025) : \u201ctout processus structur\u00e9 par lequel plusieurs personnes tentent, avec l\u2019aide d\u2019un tiers, de parvenir \u00e0 un accord destin\u00e9 \u00e0 la r\u00e9solution du diff\u00e9rend qui les oppose\u201d<\/li>\n<\/ul>\n\n\n\n<ul class=\"wp-block-list\">\n<li>Le d\u00e9lai des m\u00e9diations&nbsp;judiciaires est allong\u00e9 : de 3 \u00e0 5 mois avec une prolongation possible de 3 mois. Le d\u00e9lai part \u201cdu jour o\u00f9 la provision \u00e0 valoir sur la r\u00e9mun\u00e9ration du m\u00e9diateur est vers\u00e9e entre les mains de ce dernier\u201d.<\/li>\n\n\n\n<li>Le dispositif d\u2019injonction \u00e0 rencontrer le m\u00e9diateur est d\u00e9sormais g\u00e9n\u00e9ralis\u00e9, la pr\u00e9sence des parties est obligatoire et le m\u00e9diateur en atteste. Suite \u00e0 cet entretien, les parties donnent leur accord ou non d\u2019entrer en m\u00e9diation. En effet, l\u2019entr\u00e9e en m\u00e9diation suppose le consentement libre et \u00e9clair\u00e9 des parties.<\/li>\n<\/ul>\n<\/details>\n\n\n\n<div class=\"wp-block-group alignwide is-nowrap is-layout-flex wp-container-core-group-is-layout-6c531013 wp-block-group-is-layout-flex\">\n<div data-wp-interactive=\"core\/file\" class=\"wp-block-file\"><object data-wp-bind--hidden=\"!state.hasPdfPreview\" hidden class=\"wp-block-file__embed\" data=\"https:\/\/amare-mediation.fr\/wp-content\/uploads\/2026\/03\/ANALYSE-DECRET-18072025.pdf\" type=\"application\/pdf\" style=\"width:100%;height:600px\" aria-label=\"Embed of ANALYSE-DECRET-18072025.\"><\/object><a id=\"wp-block-file--media-6b25c412-9bfe-4034-b8e0-37951b715a7d\" href=\"https:\/\/amare-mediation.fr\/wp-content\/uploads\/2026\/03\/ANALYSE-DECRET-18072025.pdf\">ANALYSE-DECRET-18072025<\/a><a href=\"https:\/\/amare-mediation.fr\/wp-content\/uploads\/2026\/03\/ANALYSE-DECRET-18072025.pdf\" class=\"wp-block-file__button wp-element-button\" download aria-describedby=\"wp-block-file--media-6b25c412-9bfe-4034-b8e0-37951b715a7d\">T\u00e9l\u00e9charger<\/a><\/div>\n\n\n\n<ul class=\"wp-block-list\">\n<li style=\"font-size:clamp(0.984rem, 0.984rem + ((1vw - 0.2rem) * 0.86), 1.5rem);\">Une proposition via la juridiction d\u2019une autre voie pour la r\u00e9solution d\u2019un litige faisant l\u2019objet d\u2019une proc\u00e9dure<\/li>\n\n\n\n<li style=\"font-size:clamp(0.984rem, 0.984rem + ((1vw - 0.2rem) * 0.86), 1.5rem);\">Des m\u00e9diateurs mandat\u00e9s, des accords homologu\u00e9s<\/li>\n\n\n\n<li style=\"font-size:clamp(0.984rem, 0.984rem + ((1vw - 0.2rem) * 0.86), 1.5rem);\">Un partenariat avec les conseils pour la fluidit\u00e9 des \u00e9changes, une recherche commune et constructive de solution<\/li>\n<\/ul>\n<\/div>\n\n\n\n<div class=\"wp-block-columns alignwide is-layout-flex wp-container-core-columns-is-layout-28f84493 wp-block-columns-is-layout-flex\">\n<div class=\"wp-block-column is-layout-flow wp-block-column-is-layout-flow\" style=\"flex-basis:100%\">\n<p class=\"has-medium-font-size\"><strong><em>La m\u00e9diation suspend la prescription : \u00ab La prescription est suspendue \u00e0 compter du jour o\u00f9, apr\u00e8s la survenance d\u2019un litige, les parties conviennent de recourir \u00e0 la m\u00e9diation ou \u00e0 la conciliation ou, \u00e0 d\u00e9faut d\u2019accord \u00e9crit, \u00e0 compter du jour de la premi\u00e8re r\u00e9union de m\u00e9diation ou de conciliation (\u2026) \u00bb<\/em><\/strong><\/p>\n<\/div>\n<\/div>\n\n\n\n<figure class=\"wp-block-gallery alignwide has-nested-images columns-default is-cropped wp-block-gallery-1 is-layout-flex wp-block-gallery-is-layout-flex\">\n<figure class=\"wp-block-image size-large\"><img fetchpriority=\"high\" decoding=\"async\" width=\"1024\" height=\"323\" data-id=\"586\" src=\"https:\/\/amare-mediation.fr\/wp-content\/uploads\/2026\/03\/SCHEMA-MJ-2025-QUAR-1536x485-1-1024x323.jpg\" alt=\"\" class=\"wp-image-586\" srcset=\"https:\/\/amare-mediation.fr\/wp-content\/uploads\/2026\/03\/SCHEMA-MJ-2025-QUAR-1536x485-1-1024x323.jpg 1024w, https:\/\/amare-mediation.fr\/wp-content\/uploads\/2026\/03\/SCHEMA-MJ-2025-QUAR-1536x485-1-300x95.jpg 300w, https:\/\/amare-mediation.fr\/wp-content\/uploads\/2026\/03\/SCHEMA-MJ-2025-QUAR-1536x485-1-768x243.jpg 768w, https:\/\/amare-mediation.fr\/wp-content\/uploads\/2026\/03\/SCHEMA-MJ-2025-QUAR-1536x485-1.jpg 1536w\" sizes=\"(max-width: 1024px) 100vw, 1024px\" \/><\/figure>\n<\/figure>\n\n\n\n<figure class=\"wp-block-image alignwide size-full\"><img decoding=\"async\" width=\"832\" height=\"285\" src=\"https:\/\/amare-mediation.fr\/wp-content\/uploads\/2026\/03\/TARIFS-MED-JUD-2026.jpg\" alt=\"\" class=\"wp-image-630\" srcset=\"https:\/\/amare-mediation.fr\/wp-content\/uploads\/2026\/03\/TARIFS-MED-JUD-2026.jpg 832w, https:\/\/amare-mediation.fr\/wp-content\/uploads\/2026\/03\/TARIFS-MED-JUD-2026-300x103.jpg 300w, https:\/\/amare-mediation.fr\/wp-content\/uploads\/2026\/03\/TARIFS-MED-JUD-2026-768x263.jpg 768w\" sizes=\"(max-width: 832px) 100vw, 832px\" \/><\/figure>\n\n\n\n<p><\/p>\n","protected":false},"excerpt":{"rendered":"<p>La m\u00e9diation suspend la prescription : \u00ab La prescription est suspendue \u00e0 compter du jour o\u00f9, apr\u00e8s la survenance d\u2019un litige, les parties conviennent de recourir \u00e0 la m\u00e9diation ou \u00e0 la conciliation ou, \u00e0 d\u00e9faut d\u2019accord \u00e9crit, \u00e0 compter du jour de la premi\u00e8re r\u00e9union de m\u00e9diation ou de conciliation (\u2026) \u00bb<\/p>\n","protected":false},"author":1,"featured_media":0,"parent":0,"menu_order":0,"comment_status":"closed","ping_status":"closed","template":"","meta":{"_uag_custom_page_level_css":"","footnotes":""},"class_list":["post-584","page","type-page","status-publish","hentry"],"uagb_featured_image_src":{"full":false,"thumbnail":false,"medium":false,"medium_large":false,"large":false,"1536x1536":false,"2048x2048":false},"uagb_author_info":{"display_name":"AMARE","author_link":"https:\/\/amare-mediation.fr\/index.php\/author\/amare\/"},"uagb_comment_info":0,"uagb_excerpt":"La m\u00e9diation suspend la prescription : \u00ab La prescription est suspendue \u00e0 compter du jour o\u00f9, apr\u00e8s la survenance d\u2019un litige, les parties conviennent de recourir \u00e0 la m\u00e9diation ou \u00e0 la conciliation ou, \u00e0 d\u00e9faut d\u2019accord \u00e9crit, \u00e0 compter du jour de la premi\u00e8re r\u00e9union de m\u00e9diation ou de conciliation (\u2026) \u00bb","_links":{"self":[{"href":"https:\/\/amare-mediation.fr\/index.php\/wp-json\/wp\/v2\/pages\/584","targetHints":{"allow":["GET"]}}],"collection":[{"href":"https:\/\/amare-mediation.fr\/index.php\/wp-json\/wp\/v2\/pages"}],"about":[{"href":"https:\/\/amare-mediation.fr\/index.php\/wp-json\/wp\/v2\/types\/page"}],"author":[{"embeddable":true,"href":"https:\/\/amare-mediation.fr\/index.php\/wp-json\/wp\/v2\/users\/1"}],"replies":[{"embeddable":true,"href":"https:\/\/amare-mediation.fr\/index.php\/wp-json\/wp\/v2\/comments?post=584"}],"version-history":[{"count":6,"href":"https:\/\/amare-mediation.fr\/index.php\/wp-json\/wp\/v2\/pages\/584\/revisions"}],"predecessor-version":[{"id":634,"href":"https:\/\/amare-mediation.fr\/index.php\/wp-json\/wp\/v2\/pages\/584\/revisions\/634"}],"wp:attachment":[{"href":"https:\/\/amare-mediation.fr\/index.php\/wp-json\/wp\/v2\/media?parent=584"}],"curies":[{"name":"wp","href":"https:\/\/api.w.org\/{rel}","templated":true}]}}

LA MÉDIATION JUDICIAIRE

<details class="wp-block-details is-layout-flow wp-block-details-is-layout-flow"><summary>FOCUS : Décret du 18 juillet 2025</summary>
<ul class="wp-block-list">
<li>La médiation est désormais définie (Art 1530 du CPC version 18/07/2025) : “tout processus structuré par lequel plusieurs personnes tentent, avec l’aide d’un tiers, de parvenir à un accord destiné à la résolution du différend qui les oppose”</li>
</ul>



<ul class="wp-block-list">
<li>Le délai des médiations&nbsp;judiciaires est allongé : de 3 à 5 mois avec une prolongation possible de 3 mois. Le délai part “du jour où la provision à valoir sur la rémunération du médiateur est versée entre les mains de ce dernier”.</li>



<li>Le dispositif d’injonction à rencontrer le médiateur est désormais généralisé, la présence des parties est obligatoire et le médiateur en atteste. Suite à cet entretien, les parties donnent leur accord ou non d’entrer en médiation. En effet, l’entrée en médiation suppose le consentement libre et éclairé des parties.</li>
</ul>
</details>



<div class="wp-block-group alignwide is-nowrap is-layout-flex wp-container-core-group-is-layout-6c531013 wp-block-group-is-layout-flex">
<div data-wp-interactive="core/file" class="wp-block-file"><object data-wp-bind--hidden="!state.hasPdfPreview" hidden class="wp-block-file__embed" data="https://amare-mediation.fr/wp-content/uploads/2026/03/ANALYSE-DECRET-18072025.pdf" type="application/pdf" style="width:100%;height:600px" aria-label="Embed of ANALYSE-DECRET-18072025."></object><a id="wp-block-file--media-6b25c412-9bfe-4034-b8e0-37951b715a7d" href="https://amare-mediation.fr/wp-content/uploads/2026/03/ANALYSE-DECRET-18072025.pdf">ANALYSE-DECRET-18072025</a><a href="https://amare-mediation.fr/wp-content/uploads/2026/03/ANALYSE-DECRET-18072025.pdf" class="wp-block-file__button wp-element-button" download aria-describedby="wp-block-file--media-6b25c412-9bfe-4034-b8e0-37951b715a7d">Télécharger</a></div>



<ul class="wp-block-list">
<li style="font-size:clamp(0.984rem, 0.984rem + ((1vw - 0.2rem) * 0.86), 1.5rem);">Une proposition via la juridiction d’une autre voie pour la résolution d’un litige faisant l’objet d’une procédure</li>



<li style="font-size:clamp(0.984rem, 0.984rem + ((1vw - 0.2rem) * 0.86), 1.5rem);">Des médiateurs mandatés, des accords homologués</li>



<li style="font-size:clamp(0.984rem, 0.984rem + ((1vw - 0.2rem) * 0.86), 1.5rem);">Un partenariat avec les conseils pour la fluidité des échanges, une recherche commune et constructive de solution</li>
</ul>
</div>



<div class="wp-block-columns alignwide is-layout-flex wp-container-core-columns-is-layout-28f84493 wp-block-columns-is-layout-flex">
<div class="wp-block-column is-layout-flow wp-block-column-is-layout-flow" style="flex-basis:100%">
<p class="has-medium-font-size"><strong><em>La médiation suspend la prescription : « La prescription est suspendue à compter du jour où, après la survenance d’un litige, les parties conviennent de recourir à la médiation ou à la conciliation ou, à défaut d’accord écrit, à compter du jour de la première réunion de médiation ou de conciliation (…) »</em></strong></p>
</div>
</div>



<figure class="wp-block-gallery alignwide has-nested-images columns-default is-cropped wp-block-gallery-1 is-layout-flex wp-block-gallery-is-layout-flex">
<figure class="wp-block-image size-large"><img fetchpriority="high" decoding="async" width="1024" height="323" data-id="586" src="https://amare-mediation.fr/wp-content/uploads/2026/03/SCHEMA-MJ-2025-QUAR-1536x485-1-1024x323.jpg" alt="" class="wp-image-586" srcset="https://amare-mediation.fr/wp-content/uploads/2026/03/SCHEMA-MJ-2025-QUAR-1536x485-1-1024x323.jpg 1024w, https://amare-mediation.fr/wp-content/uploads/2026/03/SCHEMA-MJ-2025-QUAR-1536x485-1-300x95.jpg 300w, https://amare-mediation.fr/wp-content/uploads/2026/03/SCHEMA-MJ-2025-QUAR-1536x485-1-768x243.jpg 768w, https://amare-mediation.fr/wp-content/uploads/2026/03/SCHEMA-MJ-2025-QUAR-1536x485-1.jpg 1536w" sizes="(max-width: 1024px) 100vw, 1024px" /></figure>
</figure>



<figure class="wp-block-image alignwide size-full"><img decoding="async" width="832" height="285" src="https://amare-mediation.fr/wp-content/uploads/2026/03/TARIFS-MED-JUD-2026.jpg" alt="" class="wp-image-630" srcset="https://amare-mediation.fr/wp-content/uploads/2026/03/TARIFS-MED-JUD-2026.jpg 832w, https://amare-mediation.fr/wp-content/uploads/2026/03/TARIFS-MED-JUD-2026-300x103.jpg 300w, https://amare-mediation.fr/wp-content/uploads/2026/03/TARIFS-MED-JUD-2026-768x263.jpg 768w" sizes="(max-width: 832px) 100vw, 832px" /></figure>



<p></p>

<p>La médiation suspend la prescription : « La prescription est suspendue à compter du jour où, après la survenance d’un litige, les parties conviennent de recourir à la médiation ou à la conciliation ou, à défaut d’accord écrit, à compter du jour de la première réunion de médiation ou de conciliation (…) »</p>

La médiation suspend la prescription : « La prescription est suspendue à compter du jour où, après la survenance d’un litige, les parties conviennent de recourir à la médiation ou à la conciliation ou, à défaut d’accord écrit, à compter du jour de la première réunion de médiation ou de conciliation (…) »
