{"id":569,"date":"2026-03-24T11:03:42","date_gmt":"2026-03-24T10:03:42","guid":{"rendered":"https:\/\/amare-mediation.fr\/?page_id=569"},"modified":"2026-03-31T14:30:31","modified_gmt":"2026-03-31T12:30:31","slug":"les-groupes-de-parole","status":"publish","type":"page","link":"https:\/\/amare-mediation.fr\/index.php\/les-groupes-de-parole\/","title":{"rendered":"Les groupes de parole"},"content":{"rendered":"\n<div class=\"wp-block-group is-vertical is-layout-flex wp-container-core-group-is-layout-fe9cc265 wp-block-group-is-layout-flex\">\n<p class=\"has-text-align-left has-custom-color-7-color has-text-color has-link-color wp-elements-0ac4e6de2488bc8d518d2c7a1f7e9426\" style=\"font-size:clamp(31.152px, 1.947rem + ((1vw - 3.2px) * 2.484), 55px);\"><strong>Groupes de parole autour de la Parentalit\u00e9 &#8211;      Dur\u00e9e : 2h00<\/strong><\/p>\n<\/div>\n\n\n\n<figure class=\"wp-block-image alignleft size-large\"><img fetchpriority=\"high\" decoding=\"async\" width=\"1024\" height=\"576\" src=\"https:\/\/amare-mediation.fr\/wp-content\/uploads\/2026\/01\/visuels-ABC-33photo-groupe-de-parole--1024x576.jpg\" alt=\"\" class=\"wp-image-470\" srcset=\"https:\/\/amare-mediation.fr\/wp-content\/uploads\/2026\/01\/visuels-ABC-33photo-groupe-de-parole--1024x576.jpg 1024w, https:\/\/amare-mediation.fr\/wp-content\/uploads\/2026\/01\/visuels-ABC-33photo-groupe-de-parole--300x169.jpg 300w, https:\/\/amare-mediation.fr\/wp-content\/uploads\/2026\/01\/visuels-ABC-33photo-groupe-de-parole--768x432.jpg 768w, https:\/\/amare-mediation.fr\/wp-content\/uploads\/2026\/01\/visuels-ABC-33photo-groupe-de-parole-.jpg 1211w\" sizes=\"(max-width: 1024px) 100vw, 1024px\" \/><figcaption class=\"wp-element-caption\">Source : https\/\/www.imaginologie.fr<\/figcaption><\/figure>\n\n\n\n<div class=\"wp-block-group is-nowrap is-layout-flex wp-container-core-group-is-layout-6c531013 wp-block-group-is-layout-flex\">\n<div class=\"wp-block-group alignwide is-vertical is-layout-flex wp-container-core-group-is-layout-fe9cc265 wp-block-group-is-layout-flex\">\n<div class=\"wp-block-group has-global-padding is-layout-constrained wp-block-group-is-layout-constrained\">\n<div class=\"wp-block-group alignwide has-global-padding is-layout-constrained wp-block-group-is-layout-constrained\">\n<p><br><strong><em>PUBLIC : parents s\u00e9par\u00e9s ou en cours de s\u00e9paration<\/em><\/strong><\/p>\n\n\n\n<p><\/p>\n\n\n\n<ul class=\"wp-block-list\">\n<li>Partager son exp\u00e9rience sans jugement<\/li>\n\n\n\n<li>Rompre l\u2019isolement<\/li>\n\n\n\n<li>Prendre du recul sur les situations v\u00e9cues<\/li>\n\n\n\n<li>Renforcer ses ressources parentales<\/li>\n\n\n\n<li>S&#8217;appuyer sur l\u2019\u00e9coute du groupe et l\u2019accompagnement propos\u00e9<\/li>\n<\/ul>\n\n\n\n<p>Places limit\u00e9es, inscription obligatoire, 20 \u20ac par personne<\/p>\n\n\n\n<div class=\"wp-block-buttons is-layout-flex wp-block-buttons-is-layout-flex\">\n<div class=\"wp-block-button\"><a class=\"wp-block-button__link wp-element-button\" href=\"https:\/\/www.helloasso.com\/associations\/amare-mediation\/evenements\/participation-au-groupe-de-paroles-autour-de-la-parentalite\" target=\"_blank\" rel=\"noreferrer noopener\">INSCRIPTION POUR LE 15\/04\/2026 &#8211; 18h00<\/a><\/div>\n<\/div>\n\n\n\n<p><br><br><br><br><br><br><br><\/p>\n<\/div>\n<\/div>\n\n\n\n<p><\/p>\n<\/div>\n\n\n\n<figure class=\"wp-block-image size-large is-resized\"><img decoding=\"async\" width=\"724\" height=\"1024\" src=\"https:\/\/amare-mediation.fr\/wp-content\/uploads\/2026\/01\/VISUEL-V3-GRPES-PAROLE-724x1024.png\" alt=\"\" class=\"wp-image-475\" style=\"aspect-ratio:0.7070361303892984;width:380px;height:auto\" srcset=\"https:\/\/amare-mediation.fr\/wp-content\/uploads\/2026\/01\/VISUEL-V3-GRPES-PAROLE-724x1024.png 724w, https:\/\/amare-mediation.fr\/wp-content\/uploads\/2026\/01\/VISUEL-V3-GRPES-PAROLE-212x300.png 212w, https:\/\/amare-mediation.fr\/wp-content\/uploads\/2026\/01\/VISUEL-V3-GRPES-PAROLE-768x1086.png 768w, https:\/\/amare-mediation.fr\/wp-content\/uploads\/2026\/01\/VISUEL-V3-GRPES-PAROLE-1086x1536.png 1086w, https:\/\/amare-mediation.fr\/wp-content\/uploads\/2026\/01\/VISUEL-V3-GRPES-PAROLE-1448x2048.png 1448w, https:\/\/amare-mediation.fr\/wp-content\/uploads\/2026\/01\/VISUEL-V3-GRPES-PAROLE.png 1587w\" sizes=\"(max-width: 724px) 100vw, 724px\" \/><\/figure>\n<\/div>\n\n\n\n<p><\/p>\n","protected":false},"excerpt":{"rendered":"<p>Groupes de parole autour de la Parentalit\u00e9 &#8211; Dur\u00e9e : 2h00 PUBLIC : parents s\u00e9par\u00e9s ou en cours de s\u00e9paration Places limit\u00e9es, inscription obligatoire, 20 \u20ac par personne<\/p>\n","protected":false},"author":1,"featured_media":0,"parent":0,"menu_order":0,"comment_status":"closed","ping_status":"closed","template":"","meta":{"_uag_custom_page_level_css":"","footnotes":""},"class_list":["post-569","page","type-page","status-publish","hentry"],"uagb_featured_image_src":{"full":false,"thumbnail":false,"medium":false,"medium_large":false,"large":false,"1536x1536":false,"2048x2048":false},"uagb_author_info":{"display_name":"AMARE","author_link":"https:\/\/amare-mediation.fr\/index.php\/author\/amare\/"},"uagb_comment_info":0,"uagb_excerpt":"Groupes de parole autour de la Parentalit\u00e9 &#8211; Dur\u00e9e : 2h00 PUBLIC : parents s\u00e9par\u00e9s ou en cours de s\u00e9paration Places limit\u00e9es, inscription obligatoire, 20 \u20ac par personne","_links":{"self":[{"href":"https:\/\/amare-mediation.fr\/index.php\/wp-json\/wp\/v2\/pages\/569","targetHints":{"allow":["GET"]}}],"collection":[{"href":"https:\/\/amare-mediation.fr\/index.php\/wp-json\/wp\/v2\/pages"}],"about":[{"href":"https:\/\/amare-mediation.fr\/index.php\/wp-json\/wp\/v2\/types\/page"}],"author":[{"embeddable":true,"href":"https:\/\/amare-mediation.fr\/index.php\/wp-json\/wp\/v2\/users\/1"}],"replies":[{"embeddable":true,"href":"https:\/\/amare-mediation.fr\/index.php\/wp-json\/wp\/v2\/comments?post=569"}],"version-history":[{"count":2,"href":"https:\/\/amare-mediation.fr\/index.php\/wp-json\/wp\/v2\/pages\/569\/revisions"}],"predecessor-version":[{"id":625,"href":"https:\/\/amare-mediation.fr\/index.php\/wp-json\/wp\/v2\/pages\/569\/revisions\/625"}],"wp:attachment":[{"href":"https:\/\/amare-mediation.fr\/index.php\/wp-json\/wp\/v2\/media?parent=569"}],"curies":[{"name":"wp","href":"https:\/\/api.w.org\/{rel}","templated":true}]}}

<div class="wp-block-group is-vertical is-layout-flex wp-container-core-group-is-layout-fe9cc265 wp-block-group-is-layout-flex">
<p class="has-text-align-left has-custom-color-7-color has-text-color has-link-color wp-elements-0ac4e6de2488bc8d518d2c7a1f7e9426" style="font-size:clamp(31.152px, 1.947rem + ((1vw - 3.2px) * 2.484), 55px);"><strong>Groupes de parole autour de la Parentalité &#8211;      Durée : 2h00</strong></p>
</div>



<figure class="wp-block-image alignleft size-large"><img fetchpriority="high" decoding="async" width="1024" height="576" src="https://amare-mediation.fr/wp-content/uploads/2026/01/visuels-ABC-33photo-groupe-de-parole--1024x576.jpg" alt="" class="wp-image-470" srcset="https://amare-mediation.fr/wp-content/uploads/2026/01/visuels-ABC-33photo-groupe-de-parole--1024x576.jpg 1024w, https://amare-mediation.fr/wp-content/uploads/2026/01/visuels-ABC-33photo-groupe-de-parole--300x169.jpg 300w, https://amare-mediation.fr/wp-content/uploads/2026/01/visuels-ABC-33photo-groupe-de-parole--768x432.jpg 768w, https://amare-mediation.fr/wp-content/uploads/2026/01/visuels-ABC-33photo-groupe-de-parole-.jpg 1211w" sizes="(max-width: 1024px) 100vw, 1024px" /><figcaption class="wp-element-caption">Source : https//www.imaginologie.fr</figcaption></figure>



<div class="wp-block-group is-nowrap is-layout-flex wp-container-core-group-is-layout-6c531013 wp-block-group-is-layout-flex">
<div class="wp-block-group alignwide is-vertical is-layout-flex wp-container-core-group-is-layout-fe9cc265 wp-block-group-is-layout-flex">
<div class="wp-block-group has-global-padding is-layout-constrained wp-block-group-is-layout-constrained">
<div class="wp-block-group alignwide has-global-padding is-layout-constrained wp-block-group-is-layout-constrained">
<p><br><strong><em>PUBLIC : parents séparés ou en cours de séparation</em></strong></p>



<p></p>



<ul class="wp-block-list">
<li>Partager son expérience sans jugement</li>



<li>Rompre l’isolement</li>



<li>Prendre du recul sur les situations vécues</li>



<li>Renforcer ses ressources parentales</li>



<li>S&#8217;appuyer sur l’écoute du groupe et l’accompagnement proposé</li>
</ul>



<p>Places limitées, inscription obligatoire, 20 € par personne</p>



<div class="wp-block-buttons is-layout-flex wp-block-buttons-is-layout-flex">
<div class="wp-block-button"><a class="wp-block-button__link wp-element-button" href="https://www.helloasso.com/associations/amare-mediation/evenements/participation-au-groupe-de-paroles-autour-de-la-parentalite" target="_blank" rel="noreferrer noopener">INSCRIPTION POUR LE 15/04/2026 &#8211; 18h00</a></div>
</div>



<p><br><br><br><br><br><br><br></p>
</div>
</div>



<p></p>
</div>



<figure class="wp-block-image size-large is-resized"><img decoding="async" width="724" height="1024" src="https://amare-mediation.fr/wp-content/uploads/2026/01/VISUEL-V3-GRPES-PAROLE-724x1024.png" alt="" class="wp-image-475" style="aspect-ratio:0.7070361303892984;width:380px;height:auto" srcset="https://amare-mediation.fr/wp-content/uploads/2026/01/VISUEL-V3-GRPES-PAROLE-724x1024.png 724w, https://amare-mediation.fr/wp-content/uploads/2026/01/VISUEL-V3-GRPES-PAROLE-212x300.png 212w, https://amare-mediation.fr/wp-content/uploads/2026/01/VISUEL-V3-GRPES-PAROLE-768x1086.png 768w, https://amare-mediation.fr/wp-content/uploads/2026/01/VISUEL-V3-GRPES-PAROLE-1086x1536.png 1086w, https://amare-mediation.fr/wp-content/uploads/2026/01/VISUEL-V3-GRPES-PAROLE-1448x2048.png 1448w, https://amare-mediation.fr/wp-content/uploads/2026/01/VISUEL-V3-GRPES-PAROLE.png 1587w" sizes="(max-width: 724px) 100vw, 724px" /></figure>
</div>



<p></p>

<p>Groupes de parole autour de la Parentalité &#8211; Durée : 2h00 PUBLIC : parents séparés ou en cours de séparation Places limitées, inscription obligatoire, 20 € par personne</p>

Groupes de parole autour de la Parentalité &#8211; Durée : 2h00 PUBLIC : parents séparés ou en cours de séparation Places limitées, inscription obligatoire, 20 € par personne
