{"id":551,"date":"2026-03-23T14:48:08","date_gmt":"2026-03-23T13:48:08","guid":{"rendered":"https:\/\/amare-mediation.fr\/?page_id=551"},"modified":"2026-03-23T15:02:14","modified_gmt":"2026-03-23T14:02:14","slug":"cadre-professionnel","status":"publish","type":"page","link":"https:\/\/amare-mediation.fr\/index.php\/cadre-professionnel\/","title":{"rendered":"Cadre professionnel"},"content":{"rendered":"\n<p><strong>LA M\u00c9DIATION EN MILIEU PROFESSIONNEL<\/strong><\/p>\n\n\n\n<p><strong><em>Vous rencontrez une de ces situations? Contactez-nous pour des informations par mail \u00e0 contact@amare-mediation.fr ou par t\u00e9l\u00e9phone 06 32 14 57 79<\/em><\/strong><\/p>\n\n\n\n<div class=\"wp-block-group alignwide is-nowrap is-layout-flex wp-container-core-group-is-layout-6c531013 wp-block-group-is-layout-flex\">\n<figure class=\"wp-block-image size-full is-style-rounded is-style-rounded--1\"><img fetchpriority=\"high\" decoding=\"async\" width=\"1024\" height=\"771\" src=\"https:\/\/amare-mediation.fr\/wp-content\/uploads\/2026\/03\/corporate-office-scene.webp\" alt=\"\" class=\"wp-image-552\" srcset=\"https:\/\/amare-mediation.fr\/wp-content\/uploads\/2026\/03\/corporate-office-scene.webp 1024w, https:\/\/amare-mediation.fr\/wp-content\/uploads\/2026\/03\/corporate-office-scene-300x226.webp 300w, https:\/\/amare-mediation.fr\/wp-content\/uploads\/2026\/03\/corporate-office-scene-768x578.webp 768w\" sizes=\"(max-width: 1024px) 100vw, 1024px\" \/><figcaption class=\"wp-element-caption\"><em>cr\u00e9dit photo : Mariarte, https:\/\/www.lumni.ai<\/em>\/<\/figcaption><\/figure>\n\n\n\n<ul class=\"wp-block-list\">\n<li><strong>Conflits sociaux <\/strong>: ex\u00e9cution du contrat de travail, relations internes, harc\u00e8lement moral, rupture du contrat de travail, pr\u00e9vention des risques\u2026<\/li>\n\n\n\n<li><strong>Relations externes : <\/strong>baux commerciaux, litiges clients, fournisseurs, prestataires\u2026<\/li>\n\n\n\n<li><strong>Cession, reprise :<\/strong> litige sur cession parts sociales, fonds de commerce, fusion-acquisition<\/li>\n\n\n\n<li><strong>Litiges entre associ\u00e9s<\/strong><\/li>\n<\/ul>\n<\/div>\n\n\n\n<p><\/p>\n","protected":false},"excerpt":{"rendered":"<p>LA M\u00c9DIATION EN MILIEU PROFESSIONNEL Vous rencontrez une de ces situations? Contactez-nous pour des informations par mail \u00e0 contact@amare-mediation.fr ou par t\u00e9l\u00e9phone 06 32 14 57 79<\/p>\n","protected":false},"author":1,"featured_media":0,"parent":0,"menu_order":0,"comment_status":"closed","ping_status":"closed","template":"","meta":{"_uag_custom_page_level_css":"","footnotes":""},"class_list":["post-551","page","type-page","status-publish","hentry"],"uagb_featured_image_src":{"full":false,"thumbnail":false,"medium":false,"medium_large":false,"large":false,"1536x1536":false,"2048x2048":false},"uagb_author_info":{"display_name":"AMARE","author_link":"https:\/\/amare-mediation.fr\/index.php\/author\/amare\/"},"uagb_comment_info":0,"uagb_excerpt":"LA M\u00c9DIATION EN MILIEU PROFESSIONNEL Vous rencontrez une de ces situations? Contactez-nous pour des informations par mail \u00e0 contact@amare-mediation.fr ou par t\u00e9l\u00e9phone 06 32 14 57 79","_links":{"self":[{"href":"https:\/\/amare-mediation.fr\/index.php\/wp-json\/wp\/v2\/pages\/551","targetHints":{"allow":["GET"]}}],"collection":[{"href":"https:\/\/amare-mediation.fr\/index.php\/wp-json\/wp\/v2\/pages"}],"about":[{"href":"https:\/\/amare-mediation.fr\/index.php\/wp-json\/wp\/v2\/types\/page"}],"author":[{"embeddable":true,"href":"https:\/\/amare-mediation.fr\/index.php\/wp-json\/wp\/v2\/users\/1"}],"replies":[{"embeddable":true,"href":"https:\/\/amare-mediation.fr\/index.php\/wp-json\/wp\/v2\/comments?post=551"}],"version-history":[{"count":3,"href":"https:\/\/amare-mediation.fr\/index.php\/wp-json\/wp\/v2\/pages\/551\/revisions"}],"predecessor-version":[{"id":559,"href":"https:\/\/amare-mediation.fr\/index.php\/wp-json\/wp\/v2\/pages\/551\/revisions\/559"}],"wp:attachment":[{"href":"https:\/\/amare-mediation.fr\/index.php\/wp-json\/wp\/v2\/media?parent=551"}],"curies":[{"name":"wp","href":"https:\/\/api.w.org\/{rel}","templated":true}]}}

<p><strong>LA MÉDIATION EN MILIEU PROFESSIONNEL</strong></p>



<p><strong><em>Vous rencontrez une de ces situations? Contactez-nous pour des informations par mail à contact@amare-mediation.fr ou par téléphone 06 32 14 57 79</em></strong></p>



<div class="wp-block-group alignwide is-nowrap is-layout-flex wp-container-core-group-is-layout-6c531013 wp-block-group-is-layout-flex">
<figure class="wp-block-image size-full is-style-rounded is-style-rounded--1"><img fetchpriority="high" decoding="async" width="1024" height="771" src="https://amare-mediation.fr/wp-content/uploads/2026/03/corporate-office-scene.webp" alt="" class="wp-image-552" srcset="https://amare-mediation.fr/wp-content/uploads/2026/03/corporate-office-scene.webp 1024w, https://amare-mediation.fr/wp-content/uploads/2026/03/corporate-office-scene-300x226.webp 300w, https://amare-mediation.fr/wp-content/uploads/2026/03/corporate-office-scene-768x578.webp 768w" sizes="(max-width: 1024px) 100vw, 1024px" /><figcaption class="wp-element-caption"><em>crédit photo : Mariarte, https://www.lumni.ai</em>/</figcaption></figure>



<ul class="wp-block-list">
<li><strong>Conflits sociaux </strong>: exécution du contrat de travail, relations internes, harcèlement moral, rupture du contrat de travail, prévention des risques…</li>



<li><strong>Relations externes : </strong>baux commerciaux, litiges clients, fournisseurs, prestataires…</li>



<li><strong>Cession, reprise :</strong> litige sur cession parts sociales, fonds de commerce, fusion-acquisition</li>



<li><strong>Litiges entre associés</strong></li>
</ul>
</div>



<p></p>

<p>LA MÉDIATION EN MILIEU PROFESSIONNEL Vous rencontrez une de ces situations? Contactez-nous pour des informations par mail à contact@amare-mediation.fr ou par téléphone 06 32 14 57 79</p>

LA MÉDIATION EN MILIEU PROFESSIONNEL Vous rencontrez une de ces situations? Contactez-nous pour des informations par mail à contact@amare-mediation.fr ou par téléphone 06 32 14 57 79
