{"id":547,"date":"2026-03-23T14:37:00","date_gmt":"2026-03-23T13:37:00","guid":{"rendered":"https:\/\/amare-mediation.fr\/?page_id=547"},"modified":"2026-03-23T14:54:14","modified_gmt":"2026-03-23T13:54:14","slug":"familial-conjugal-parental","status":"publish","type":"page","link":"https:\/\/amare-mediation.fr\/index.php\/familial-conjugal-parental\/","title":{"rendered":"Familial, conjugal, parental"},"content":{"rendered":"\n<p><strong><em>Vous rencontrez une de ces situations? Contactez-nous pour des informations par mail \u00e0 contact@amare-mediation.fr ou par t\u00e9l\u00e9phone 06 32 14 57 79<\/em><\/strong><\/p>\n\n\n\n<div class=\"wp-block-group alignfull is-nowrap is-layout-flex wp-container-core-group-is-layout-6c531013 wp-block-group-is-layout-flex\">\n<figure class=\"wp-block-image is-style-rounded is-style-rounded--1\"><img decoding=\"async\" src=\"https:\/\/amaremediation.wordpress.com\/wp-content\/uploads\/2025\/06\/kitchen-conversation.jpeg?w=1024\" alt=\"\" class=\"wp-image-225\"\/><figcaption class=\"wp-element-caption\"><em>cr\u00e9dit photo : viri Gutierrez https:\/\/www.lummi.ai\/<\/em><\/figcaption><\/figure>\n\n\n\n<div class=\"wp-block-group is-nowrap is-layout-flex wp-container-core-group-is-layout-6c531013 wp-block-group-is-layout-flex\"><\/div>\n\n\n\n<div class=\"wp-block-group is-nowrap is-layout-flex wp-container-core-group-is-layout-6c531013 wp-block-group-is-layout-flex\">\n<figure class=\"wp-block-image is-style-rounded is-style-rounded--2\"><img decoding=\"async\" src=\"https:\/\/amaremediation.wordpress.com\/wp-content\/uploads\/2025\/06\/contemplative-child-at-pebble-shore.jpeg?w=1024\" alt=\"\" class=\"wp-image-226\"\/><figcaption class=\"wp-element-caption\"><em>cr\u00e9dit photo : viri Gutierrez https:\/\/www.lummi.ai\/<\/em><\/figcaption><\/figure>\n<\/div>\n\n\n\n<ul class=\"wp-block-list\">\n<li><strong>Conflits patrimoniaux : <\/strong>liquidation, divorce\u2026<\/li>\n\n\n\n<li><strong>Conflits entre conjoints <\/strong>: s\u00e9paration de personnes pacs\u00e9es<\/li>\n\n\n\n<li><strong>Conflits<\/strong> <strong>parentaux <\/strong>: mode de garde des enfants, pensions, autorit\u00e9 parentale\u2026<\/li>\n\n\n\n<li><strong>Conflits parent(s)\/enfant(s)<\/strong><\/li>\n\n\n\n<li><strong>M\u00e9diation\/audit de l\u2019enfant<\/strong> : dans le cadre d\u2019une crise, d\u2019une s\u00e9paration, d\u2019un drame\u2026<\/li>\n\n\n\n<li><strong>M\u00e9diation lors d\u2019un deuil<\/strong><\/li>\n\n\n\n<li><strong>Diff\u00e9rends intra-familiaux<\/strong><\/li>\n\n\n\n<li><strong>Litiges protection adulte<\/strong> : curatelle, tutelle\u2026<\/li>\n<\/ul>\n<\/div>\n\n\n\n<p><strong><em>ATTENTION : Il est impossible d\u2019avoir recours \u00e0 la m\u00e9diation familiale en cas de violence all\u00e9gu\u00e9e ou d\u2019emprise manife<\/em><\/strong>ste <\/p>\n","protected":false},"excerpt":{"rendered":"<p>Vous rencontrez une de ces situations? Contactez-nous pour des informations par mail \u00e0 contact@amare-mediation.fr ou par t\u00e9l\u00e9phone 06 32 14 57 79 ATTENTION : Il est impossible d\u2019avoir recours \u00e0 la m\u00e9diation familiale en cas de violence all\u00e9gu\u00e9e ou d\u2019emprise manifeste<\/p>\n","protected":false},"author":1,"featured_media":0,"parent":0,"menu_order":0,"comment_status":"closed","ping_status":"closed","template":"","meta":{"_uag_custom_page_level_css":"","footnotes":""},"class_list":["post-547","page","type-page","status-publish","hentry"],"uagb_featured_image_src":{"full":false,"thumbnail":false,"medium":false,"medium_large":false,"large":false,"1536x1536":false,"2048x2048":false},"uagb_author_info":{"display_name":"AMARE","author_link":"https:\/\/amare-mediation.fr\/index.php\/author\/amare\/"},"uagb_comment_info":0,"uagb_excerpt":"Vous rencontrez une de ces situations? Contactez-nous pour des informations par mail \u00e0 contact@amare-mediation.fr ou par t\u00e9l\u00e9phone 06 32 14 57 79 ATTENTION : Il est impossible d\u2019avoir recours \u00e0 la m\u00e9diation familiale en cas de violence all\u00e9gu\u00e9e ou d\u2019emprise manifeste","_links":{"self":[{"href":"https:\/\/amare-mediation.fr\/index.php\/wp-json\/wp\/v2\/pages\/547","targetHints":{"allow":["GET"]}}],"collection":[{"href":"https:\/\/amare-mediation.fr\/index.php\/wp-json\/wp\/v2\/pages"}],"about":[{"href":"https:\/\/amare-mediation.fr\/index.php\/wp-json\/wp\/v2\/types\/page"}],"author":[{"embeddable":true,"href":"https:\/\/amare-mediation.fr\/index.php\/wp-json\/wp\/v2\/users\/1"}],"replies":[{"embeddable":true,"href":"https:\/\/amare-mediation.fr\/index.php\/wp-json\/wp\/v2\/comments?post=547"}],"version-history":[{"count":2,"href":"https:\/\/amare-mediation.fr\/index.php\/wp-json\/wp\/v2\/pages\/547\/revisions"}],"predecessor-version":[{"id":560,"href":"https:\/\/amare-mediation.fr\/index.php\/wp-json\/wp\/v2\/pages\/547\/revisions\/560"}],"wp:attachment":[{"href":"https:\/\/amare-mediation.fr\/index.php\/wp-json\/wp\/v2\/media?parent=547"}],"curies":[{"name":"wp","href":"https:\/\/api.w.org\/{rel}","templated":true}]}}

<p><strong><em>Vous rencontrez une de ces situations? Contactez-nous pour des informations par mail à contact@amare-mediation.fr ou par téléphone 06 32 14 57 79</em></strong></p>



<div class="wp-block-group alignfull is-nowrap is-layout-flex wp-container-core-group-is-layout-6c531013 wp-block-group-is-layout-flex">
<figure class="wp-block-image is-style-rounded is-style-rounded--1"><img decoding="async" src="https://amaremediation.wordpress.com/wp-content/uploads/2025/06/kitchen-conversation.jpeg?w=1024" alt="" class="wp-image-225"/><figcaption class="wp-element-caption"><em>crédit photo : viri Gutierrez https://www.lummi.ai/</em></figcaption></figure>



<div class="wp-block-group is-nowrap is-layout-flex wp-container-core-group-is-layout-6c531013 wp-block-group-is-layout-flex"></div>



<div class="wp-block-group is-nowrap is-layout-flex wp-container-core-group-is-layout-6c531013 wp-block-group-is-layout-flex">
<figure class="wp-block-image is-style-rounded is-style-rounded--2"><img decoding="async" src="https://amaremediation.wordpress.com/wp-content/uploads/2025/06/contemplative-child-at-pebble-shore.jpeg?w=1024" alt="" class="wp-image-226"/><figcaption class="wp-element-caption"><em>crédit photo : viri Gutierrez https://www.lummi.ai/</em></figcaption></figure>
</div>



<ul class="wp-block-list">
<li><strong>Conflits patrimoniaux : </strong>liquidation, divorce…</li>



<li><strong>Conflits entre conjoints </strong>: séparation de personnes pacsées</li>



<li><strong>Conflits</strong> <strong>parentaux </strong>: mode de garde des enfants, pensions, autorité parentale…</li>



<li><strong>Conflits parent(s)/enfant(s)</strong></li>



<li><strong>Médiation/audit de l’enfant</strong> : dans le cadre d’une crise, d’une séparation, d’un drame…</li>



<li><strong>Médiation lors d’un deuil</strong></li>



<li><strong>Différends intra-familiaux</strong></li>



<li><strong>Litiges protection adulte</strong> : curatelle, tutelle…</li>
</ul>
</div>



<p><strong><em>ATTENTION : Il est impossible d’avoir recours à la médiation familiale en cas de violence alléguée ou d’emprise manife</em></strong>ste </p>

<p>Vous rencontrez une de ces situations? Contactez-nous pour des informations par mail à contact@amare-mediation.fr ou par téléphone 06 32 14 57 79 ATTENTION : Il est impossible d’avoir recours à la médiation familiale en cas de violence alléguée ou d’emprise manifeste</p>

Vous rencontrez une de ces situations? Contactez-nous pour des informations par mail à contact@amare-mediation.fr ou par téléphone 06 32 14 57 79 ATTENTION : Il est impossible d’avoir recours à la médiation familiale en cas de violence alléguée ou d’emprise manifeste
