{"id":376,"date":"2025-09-04T10:56:04","date_gmt":"2025-09-04T08:56:04","guid":{"rendered":"https:\/\/amare-mediation.fr\/?page_id=376"},"modified":"2025-09-04T10:56:04","modified_gmt":"2025-09-04T08:56:04","slug":"confidentialite-et-mentions-legales","status":"publish","type":"page","link":"https:\/\/amare-mediation.fr\/index.php\/confidentialite-et-mentions-legales\/","title":{"rendered":"MENTIONS L\u00c9GALES"},"content":{"rendered":"\n<pre class=\"wp-block-preformatted has-josefin-sans-font-family\"><br>En vigueur au 01\/09\/2025<br><br><br>Conform\u00e9ment aux dispositions de la loi n\u00b02004-575 du 21 juin 2004 pour la Confiance en l\u2019\u00e9conomie num\u00e9rique, il est port\u00e9 \u00e0 la connaissance des utilisateurs et visiteurs, ci-apr\u00e8s l' \"Utilisateur\", du site www.amare-mediation.fr , ci-apr\u00e8s le \"Site\", les pr\u00e9sentes mentions l\u00e9gales.<br>La connexion et la navigation sur le Site par l\u2019Utilisateur implique acceptation int\u00e9grale et sans r\u00e9serve des pr\u00e9sentes mentions l\u00e9gales. Ces derni\u00e8res sont accessibles sur le Site \u00e0 la rubrique \"Mentions l\u00e9gales\".<br><br><br><strong>\u00c9DITION DU SITE<\/strong><br>L'\u00e9dition du Site est assur\u00e9e par AMARE,&nbsp;<br><br>SIRET 750 477 911 00010 - NAF 9499Z - Si\u00e8ge social :<br><br>CCI Bayonne-Pays Basque- 1 rue Donzac - BP 215 - 64100 Bayonne<br><br>Association loi 1901 enregistr\u00e9e sous le num\u00e9ro RNA W641004790 (Pr\u00e9fecture Pyr\u00e9n\u00e9es Atlantiques)<br><br>D\u00e9claration d\u2019activit\u00e9 enregistr\u00e9e sous le num\u00e9ro 72 64 03336 64 aupr\u00e8s du pr\u00e9fet de la r\u00e9gion Aquitaine<br><br>Courriel : asso.amare@gmail.com<br><br>T\u00e9l : +33 (0)5 59 51 01 89 ou +33(0)6 32 14 57 79 - www.amare-mediation.fr<br><br>Directeur de la publication : Fran\u00e7oise Mar\u00e9chal Thieullent, PRESIDENTE, ci-apr\u00e8s l'\"Editeur\".<br><br><br><strong>H\u00c9BERGEUR<\/strong><br>L'h\u00e9bergeur du Site est la soci\u00e9t\u00e9 O2 SWITCH, dont le si\u00e8ge social est situ\u00e9 au Chemin des Pardiaux<br><br>63000 CLERMONT FERRAND<br><br><br><strong>ACC\u00c8S AU SITE<\/strong><br>Le Site est normalement accessible, \u00e0 tout moment, \u00e0 l'Utilisateur. Toutefois, l'Editeur pourra, \u00e0 tout moment, suspendre, limiter ou interrompre le Site afin de proc\u00e9der, notamment, \u00e0 des mises \u00e0 jour ou<br>des modifications de son contenu. L'Editeur ne pourra en aucun cas \u00eatre tenu responsable des cons\u00e9quences \u00e9ventuelles de cette indisponibilit\u00e9 sur les activit\u00e9s de l'Utilisateur.<br><br><br><strong>COLLECTE DES DONN\u00c9ES<\/strong><br>Le Site assure \u00e0 l'Utilisateur une collecte et un traitement des donn\u00e9es personnelles dans le respect de la vie priv\u00e9e conform\u00e9ment \u00e0 la loi n\u00b078-17 du 6 janvier 1978 relative \u00e0 l'informatique, aux fichiers<br>aux libert\u00e9s et dans le respect de la r\u00e8glementation applicable en mati\u00e8re de traitement des donn\u00e9es \u00e0 caract\u00e8re personnel conform\u00e9ment au r\u00e8glement (UE) 2016\/679 du Parlement europ\u00e9en et du<br>Conseil du 27 avril 2016 (ci-apr\u00e8s, ensemble, la \"R\u00e8glementation applicable en mati\u00e8re de protection des Donn\u00e9es \u00e0 caract\u00e8re personnel\").<br>En vertu de la R\u00e8glementation applicable en mati\u00e8re de protection des Donn\u00e9es \u00e0 caract\u00e8re personnel, l'Utilisateur dispose d'un droit d'acc\u00e8s, de rectification, de suppression et d'opposition de<br>ses donn\u00e9es personnelles. L'Utilisateur peut exercer ce droit :<br>\uf0b7 par mail \u00e0 l'adresse email asso.amare@gmail.com<br>\uf0b7 par voie postale CCI Bayonne - 1, rue de Donzac - 64100 BAYONNE ;<br>\uf0b7 depuis le formulaire de contact&nbsp;<br><br><br>Toute utilisation, reproduction, diffusion, commercialisation, modification de toute ou partie du Site, sans autorisation expresse de l\u2019Editeur est prohib\u00e9e et pourra entra\u00eener des actions et poursuites<br>judiciaires telles que pr\u00e9vues par la r\u00e8glementation en vigueur. Pour plus d\u2019informations, se reporter aux CGU du site www.amare-mediation.fr accessibles depuis la rubrique \"CGU\" .<br><br><br><\/pre>\n\n\n\n<p><\/p>\n","protected":false},"excerpt":{"rendered":"<p>En vigueur au 01\/09\/2025Conform\u00e9ment aux dispositions de la loi n\u00b02004-575 du 21 juin 2004 pour la Confiance en l\u2019\u00e9conomie num\u00e9rique, il est port\u00e9 \u00e0 la connaissance des utilisateurs et visiteurs, ci-apr\u00e8s l&#8217; &#8220;Utilisateur&#8221;, du site www.amare-mediation.fr , ci-apr\u00e8s le &#8220;Site&#8221;, les pr\u00e9sentes mentions l\u00e9gales.La connexion et la navigation sur le Site par l\u2019Utilisateur implique acceptation int\u00e9grale et sans r\u00e9serve des pr\u00e9sentes mentions l\u00e9gales. Ces derni\u00e8res sont accessibles sur le Site \u00e0 la rubrique &#8220;Mentions l\u00e9gales&#8221;.\u00c9DITION DU SITEL&#8217;\u00e9dition du Site est assur\u00e9e par AMARE,&nbsp;SIRET 750 477 911 00010 &#8211; NAF 9499Z &#8211; Si\u00e8ge social :CCI Bayonne-Pays Basque- 1 rue Donzac &#8211; BP 215 &#8211; 64100 BayonneAssociation loi 1901 enregistr\u00e9e sous le num\u00e9ro RNA W641004790 (Pr\u00e9fecture Pyr\u00e9n\u00e9es Atlantiques)D\u00e9claration d\u2019activit\u00e9 enregistr\u00e9e sous le num\u00e9ro 72 64 03336 64 aupr\u00e8s du pr\u00e9fet de la r\u00e9gion AquitaineCourriel : asso.amare@gmail.comT\u00e9l : +33 (0)5 59 51 01 89 ou +33(0)6 32 14 57 79 &#8211; www.amare-mediation.frDirecteur de la publication : Fran\u00e7oise Mar\u00e9chal Thieullent, PRESIDENTE, ci-apr\u00e8s l'&#8221;Editeur&#8221;.H\u00c9BERGEURL&#8217;h\u00e9bergeur du Site est la soci\u00e9t\u00e9 O2 SWITCH, dont le si\u00e8ge social est situ\u00e9 au Chemin des Pardiaux63000 CLERMONT FERRANDACC\u00c8S AU SITELe Site est normalement accessible, \u00e0 tout moment, \u00e0 l&#8217;Utilisateur. Toutefois, l&#8217;Editeur pourra, \u00e0 tout moment, suspendre, limiter ou interrompre le Site afin de proc\u00e9der, notamment, \u00e0 des mises \u00e0 jour oudes modifications de son contenu. L&#8217;Editeur ne pourra en aucun cas \u00eatre tenu responsable des cons\u00e9quences \u00e9ventuelles de cette indisponibilit\u00e9 sur les activit\u00e9s de l&#8217;Utilisateur.COLLECTE DES DONN\u00c9ESLe Site assure \u00e0 l&#8217;Utilisateur une collecte et un traitement des donn\u00e9es personnelles dans le respect de la vie priv\u00e9e conform\u00e9ment \u00e0 la loi n\u00b078-17 du 6 janvier 1978 relative \u00e0 l&#8217;informatique, aux fichiersaux libert\u00e9s et dans le respect de la r\u00e8glementation applicable en mati\u00e8re de traitement des donn\u00e9es \u00e0 caract\u00e8re personnel conform\u00e9ment au r\u00e8glement (UE) 2016\/679 du Parlement europ\u00e9en et duConseil du 27 avril 2016 (ci-apr\u00e8s, ensemble, la &#8220;R\u00e8glementation applicable en mati\u00e8re de protection des Donn\u00e9es \u00e0 caract\u00e8re personnel&#8221;).En vertu de la R\u00e8glementation applicable en mati\u00e8re de protection des Donn\u00e9es \u00e0 caract\u00e8re personnel, l&#8217;Utilisateur dispose d&#8217;un droit d&#8217;acc\u00e8s, de rectification, de suppression et d&#8217;opposition deses donn\u00e9es personnelles. L&#8217;Utilisateur peut exercer ce droit :\uf0b7 par mail \u00e0 l&#8217;adresse email asso.amare@gmail.com\uf0b7 par voie postale CCI Bayonne &#8211; 1, rue de Donzac &#8211; 64100 BAYONNE ;\uf0b7 depuis le formulaire de contact&nbsp;Toute utilisation, reproduction, diffusion, commercialisation, modification de toute ou partie du Site, sans autorisation expresse de l\u2019Editeur est prohib\u00e9e et pourra entra\u00eener des actions et poursuitesjudiciaires telles que pr\u00e9vues par la r\u00e8glementation en vigueur. Pour plus d\u2019informations, se reporter aux CGU du site www.amare-mediation.fr accessibles depuis la rubrique &#8220;CGU&#8221; .<\/p>\n","protected":false},"author":1,"featured_media":0,"parent":0,"menu_order":0,"comment_status":"closed","ping_status":"closed","template":"","meta":{"_uag_custom_page_level_css":"","footnotes":""},"class_list":["post-376","page","type-page","status-publish","hentry"],"uagb_featured_image_src":{"full":false,"thumbnail":false,"medium":false,"medium_large":false,"large":false,"1536x1536":false,"2048x2048":false},"uagb_author_info":{"display_name":"AMARE","author_link":"https:\/\/amare-mediation.fr\/index.php\/author\/amare\/"},"uagb_comment_info":0,"uagb_excerpt":"En vigueur au 01\/09\/2025Conform\u00e9ment aux dispositions de la loi n\u00b02004-575 du 21 juin 2004 pour la Confiance en l\u2019\u00e9conomie num\u00e9rique, il est port\u00e9 \u00e0 la connaissance des utilisateurs et visiteurs, ci-apr\u00e8s l' \"Utilisateur\", du site www.amare-mediation.fr , ci-apr\u00e8s le \"Site\", les pr\u00e9sentes mentions l\u00e9gales.La connexion et la navigation sur le Site par l\u2019Utilisateur implique acceptation&hellip;","_links":{"self":[{"href":"https:\/\/amare-mediation.fr\/index.php\/wp-json\/wp\/v2\/pages\/376","targetHints":{"allow":["GET"]}}],"collection":[{"href":"https:\/\/amare-mediation.fr\/index.php\/wp-json\/wp\/v2\/pages"}],"about":[{"href":"https:\/\/amare-mediation.fr\/index.php\/wp-json\/wp\/v2\/types\/page"}],"author":[{"embeddable":true,"href":"https:\/\/amare-mediation.fr\/index.php\/wp-json\/wp\/v2\/users\/1"}],"replies":[{"embeddable":true,"href":"https:\/\/amare-mediation.fr\/index.php\/wp-json\/wp\/v2\/comments?post=376"}],"version-history":[{"count":6,"href":"https:\/\/amare-mediation.fr\/index.php\/wp-json\/wp\/v2\/pages\/376\/revisions"}],"predecessor-version":[{"id":392,"href":"https:\/\/amare-mediation.fr\/index.php\/wp-json\/wp\/v2\/pages\/376\/revisions\/392"}],"wp:attachment":[{"href":"https:\/\/amare-mediation.fr\/index.php\/wp-json\/wp\/v2\/media?parent=376"}],"curies":[{"name":"wp","href":"https:\/\/api.w.org\/{rel}","templated":true}]}}